200
Convert -411 (base 5) to base 9.
-127
Convert -333 (base 5) to base 3.
-10110
1260 (base 13) to base 10
2613
-349 (base 10) to base 15
-184
Convert 1163 (base 8) to base 7.
1554
What is 100011 (base 2) in base 8?
43
What is -35424 (base 7) in base 4?
-2032230
Convert -2001 (base 4) to base 8.
-201
What is -1205 (base 6) in base 12?
-205
Convert 143230 (base 5) to base 9.
8278
What is 1ba (base 16) in base 7?
1201
What is 1043003 (base 5) in base 3?
221101022
-20113 (base 7) to base 11
-371a
Convert -230032 (base 4) to base 15.
-c8a
Convert -869 (base 14) to base 16.
-67d
Convert 1344142 (base 5) to base 14.
a315
What is -16 (base 10) in base 16?
-10
What is -305 (base 7) in base 13?
-b9
-10032 (base 5) to base 7
-1605
112331 (base 4) to base 9
2012
1036 (base 7) to base 13
226
What is -6758 (base 13) in base 2?
-11100001100110
What is -1a9 (base 16) in base 6?
-1545
What is 161602 (base 7) in base 4?
13301230
What is -163530 (base 7) in base 5?
-2020013
1100000110 (base 2) to base 8
1406
19323 (base 11) to base 10
27008
What is 22202111 (base 3) in base 14?
2481
16a9a (base 13) to base 9
65670
What is -44522 (base 10) in base 11?
-304a5
What is -2153 (base 8) in base 15?
-506
-5736 (base 11) to base 12
-4445
Convert 133 (base 14) to base 13.
157
Convert -10b (base 16) to base 12.
-1a3
What is -994 (base 10) in base 7?
-2620
Convert 31c (base 13) to base 5.
4112
What is -262 (base 15) in base 3?
-202002
Convert -30265 (base 8) to base 7.
-51232
What is -7ed5 (base 15) in base 4?
-12211133
Convert -bc1c (base 14) to base 9.
-48600
What is 20102333 (base 4) in base 11?
23594
Convert -13 (base 6) to base 8.
-11
Convert -11454 (base 6) to base 13.
-a00
Convert -8b53 (base 14) to base 2.
-101111001110101
Convert 197 (base 16) to base 15.
1c2
Convert 5032 (base 7) to base 8.
3312
Convert 40020 (base 5) to base 3.
10102222
What is 202354 (base 7) in base 2?
1000011010110110
What is 30918 (base 10) in base 16?
78c6
Convert -8078 (base 9) to base 3.
-22002122
-1c49 (base 15) to base 6
-44240
What is -3415 (base 6) in base 14?
-415
What is 11055 (base 6) in base 7?
4340
Convert 30222 (base 5) to base 11.
1501
32445 (base 6) to base 2
1000110001101
Convert -43201 (base 6) to base 10.
-5905
What is -919 (base 13) in base 16?
-607
Convert -1b3 (base 16) to base 10.
-435
10013 (base 11) to base 12
8593
Convert -4444 (base 5) to base 2.
-1001110000
-97c6 (base 14) to base 15
-7b97
What is -802 (base 16) in base 10?
-2050
What is 703 (base 13) in base 12?
82a
8a2 (base 12) to base 14
670
Convert 121013 (base 4) to base 10.
1607
What is -131d (base 15) in base 12?
-243a
Convert 1c54 (base 16) to base 11.
54a3
113671 (base 8) to base 11
27200
What is -14377 (base 9) in base 12?
-57ba
-474 (base 12) to base 16
-298
Convert -333531 (base 6) to base 5.
-1344223
What is 142413 (base 7) in base 5?
1333203
-30 (base 13) to base 3
-1110
Convert 241 (base 5) to base 9.
78
What is 4505 (base 7) in base 13?
97a
Convert -39a (base 16) to base 2.
-1110011010
-47280 (base 10) to base 7
-254562
What is 1567 (base 15) in base 5?
121342
Convert 32262 (base 7) to base 4.
1331133
What is -975 (base 10) in base 4?
-33033
What is 32a40 (base 11) in base 7?
256321
What is -2200101 (base 3) in base 6?
-13014
a645 (base 11) to base 7
56031
Convert 3874 (base 13) to base 8.
17546
What is -67 (base 11) in base 7?
-133
444 (base 5) to base 15
84
306 (base 7) to base 4
2121
What is -13521 (base 10) in base 12?
-79a9
Convert 11110000111 (base 2) to base 14.
9b9
Convert 4aa9 (base 15) to base 6.
201353
Convert -2233 (base 4) to base 12.
-127
20b2 (base 15) to base 14
2741
What is 13a (base 11) in base 8?
244
-2102330 (base 4) to base 8
-22274
34a (base 13) to base 3
210002
1010111001 (base 2) to base 3
221211
Convert -36611 (base 10) to base 14.
-d4b1
What is 2112 (base 7) in base 16?
2e8
What is -17d (base 15) in base 7?
-1000
What is 31a3 (base 16) in base 4?
3012203
What is -2424 (base 11) in base 10?
-3172
What is -42b4 (base 12) in base 2?
-1110010101000
-173 (base 8) to base 6
-323
What is -10101100010 (base 2) in base 8?
-2542
What is 725 (base 13) in base 14?
62a
What is 8d0 (base 16) in base 11?
1771
-112000011 (base 3) to base 15
-305a
What is 2213 (base 10) in base 7?
6311
What is -112002 (base 3) in base 9?
-462
a9 (base 13) to base 8
213
Convert -33011 (base 4) to base 16.
-3c5
Convert c86 (base 16) to base 7.
12230
What is 6470 (base 8) in base 14?
133a
What is 147 (base 11) in base 2?
10101100
Convert 37d (base 16) to base 10.
893
Convert -a4c (base 15) to base 9.
-3160
-12012 (base 4) to base 13
-240
-1101000000 (base 2) to base 8
-1500
What is 1110011100 (base 2) in base 11?
770
Convert -61882 (base 11) to base 12.
-44277
Convert -4a4 (base 14) to base 4.
-32200
-132021 (base 6) to base 16
-2f4d
1222 (base 5) to base 14
d5
11000 (base 5) to base 4
23232
Convert -1169 (base 13) to base 3.
-10100212
What is 33 (base 16) in base 4?
303
Convert 2524 (base 11) to base 14.
12b3
Convert 128b (base 14) to base 8.
6273
-1d69a (base 14) to base 12
-37774
What is 121212102 (base 3) in base 8?
30010
Convert -d41 (base 16) to base 5.
-102033
7466 (base 11) to base 3
111112200
-1210 (base 6) to base 16
-126
What is -1441 (base 5) in base 12?
-186
497e (base 15) to base 7
63416
10100 (base 3) to base 12
76
Convert -572 (base 10) to base 6.
-2352
Convert -8b (base 15) to base 16.
-83
331011 (base 4) to base 10
3909
What is -f7e2 (base 16) in base 6?
-1205442
What is -20 (base 15) in base 14?
-22
Convert 155243 (base 6) to base 11.
10662
Convert 15540 (base 9) to base 15.
324c
Convert 1211212 (base 3) to base 11.
1014
-233 (base 4) to base 12
-3b
What is 25314 (base 6) in base 11?
2936
Convert -48 (base 9) to base 13.
-35
What is 6a5 (base 11) in base 14?
441
1775 (base 11) to base 3
10002201
What is -101021210 (base 4) in base 9?
-116318
-8a3 (base 12) to base 9
-1666
Convert 10010000000 (base 2) to base 6.
5200
Convert 1111010111111 (base 2) to base 9.
11715
Convert 46a3 (base 12) to base 14.
2c43
Convert -5564 (base 9) to base 11.
-30a5
Convert -1072 (base 8) to base 4.
-20322
Convert ddd (base 16) to base 3.
11212110
Convert -3488 (base 11) to base 15.
-154d
-2124213 (base 5) to base 2
-1000110101010111
Convert 109b (base 12) to base 2.
11100110111
236065 (base 7) to base 4
22132222
496 (base 10) to base 3
200101
What is -1322 (base 4) in base 7?
-233
What is -c7a7 (base 15) in base 13?
-162b8
-10320002 (base 4) to base 9
-30348
14239 (base 11) to base 2
100111100011001
-5f8 (base 16) to base 10
-1528
-db55 (base 14) to base 13
-14338
What is -10ef (base 16) in base 6?
-32023
300000 (base 4) to base 6
22120
3251 (base 8) to base 4
122221
Convert 11401 (base 5) to base 9.
1145
-1b4 (base 15) to base 4
-12022
-21102 (base 4) to base 14
-306
Convert 779 (base 11) to base 15.
423
2eb2 (base 16) to base 12
6b02
-26400 (base 7) to base 15
-2156
-113133 (base 5) to base 10
-4168
Convert 1012020 (base 4) to base 14.
18c8
Convert -101 (base 8) to base 6.
-145
Convert 953d (base 14) to base 12.
12a83
-2414 (base 5) to base 4
-11213
Convert -3524 (base 13) to base 5.
-214331
What is -10011000 (base 4) in base 5?
-1013304
What is 32230 (base 4) in base 11?
785
What is 253 (base 7) in base 6?
344
-529 (base 12) to base 9
-1026
What is -25012 (base 6) in base 3?
-12001022
433 (base 12) to base 7
1536
What is 10144 (base 5) in base 9?
828
What is 1442 (base 5) in base 11?
205
-21690 (base 11) to base 4
-13223032
Convert -b80 (base 14) to base 10.
-2268
-11201200 (base 3) to base 2
-110101110111
What is 5582a (base 11) in base 4?
103233130
Convert -14221 (base 7) to base 9.
-5287
What is -3b4 (base 12) in base 13?
-349
13001 (base 8) to base 12
3315
Convert 6990 (base 12) to base 6.
130300
Convert -300242 (base 6) to base 8.
-55602
What is -1e1 (base 16) in base 13?
-2b0
Convert 1000 (base 2) to base 5.
13
Convert 1441 (base 8) to base 4.
30201
2543 (base 9) to base 4
131232
1111212011 (base 3) to base 2
111010001011001
What is -43 (base 9) in base 14?
-2b
11232 (base 9) to base 2
1110100111001
What is 1145 (base 8) in base 6?
2501
3502 (base 9) to base 11
1a49
What is -1011111001110001 (base 2) in base 11?
-336a1
-b7d6 (base 14) to base 8
-76000
What is -423 (base 9) in base 5?
-2340
What is 